
Is 134947 a composite number?
False
Is 458455 a prime number?
False
Is 7022 a composite number?
True
Is 50329 a composite number?
False
Is 5059 prime?
True
Is 5383 a prime number?
False
Is 1277 a composite number?
False
Is 4511 composite?
True
Is 19439 a composite number?
True
Is 14387 prime?
True
Is 9871 composite?
False
Is 184709 prime?
False
Is 11239 a prime number?
True
Is 32105 a composite number?
True
Is 7283 a prime number?
True
Is 26963 composite?
True
Is 16127 a prime number?
True
Is 3343 prime?
True
Is 4271 a prime number?
True
Is 11107 composite?
True
Is 506537 composite?
False
Is 320847 a composite number?
True
Is 147619 prime?
False
Is 3259 a prime number?
True
Is 20791 prime?
False
Is 41381 prime?
True
Is 959 prime?
False
Is 934 prime?
False
Is 55283 composite?
True
Is 260329 prime?
True
Is 27731 prime?
False
Is 46783 composite?
True
Is 635837 composite?
False
Is 2893 a prime number?
False
Is 162947 composite?
False
Is 631 prime?
True
Is 16447 composite?
False
Is 33171 prime?
False
Is 1451 composite?
False
Is 127177 prime?
False
Is 345949 a prime number?
False
Is 29009 a composite number?
False
Is 39859 a prime number?
False
Is 1086913 a prime number?
True
Is 13901 composite?
False
Is 116069 a composite number?
True
Is 563 composite?
False
Is 43853 prime?
True
Is 4201 composite?
False
Is 4759 prime?
True
Is 80897 prime?
True
Is 850427 prime?
True
Is 840887 a prime number?
False
Is 84707 composite?
True
Is 54937 a composite number?
True
Is 1088603 a prime number?
True
Is 58397 a composite number?
True
Is 18413 a composite number?
False
Is 594391 prime?
False
Is 269017 prime?
False
Is 99649 composite?
True
Is 8301 a prime number?
False
Is 19819 a prime number?
True
Is 49139 composite?
False
Is 743711 a prime number?
True
Is 317 prime?
True
Is 118447 a prime number?
False
Is 4393 a composite number?
True
Is 282113 prime?
False
Is 395 composite?
True
Is 324757 prime?
True
Is 400307 composite?
False
Is 3377 a composite number?
True
Is 21833 a prime number?
False
Is 80609 a composite number?
True
Is 15413 composite?
False
Is 463 composite?
False
Is 436079 a prime number?
False
Is 603559 a composite number?
True
Is 34567 composite?
True
Is 19069 composite?
False
Is 15811 prime?
False
Is 29483 prime?
True
Is 3979 a composite number?
True
Is 1213 prime?
True
Is 83339 a prime number?
True
Is 4322 prime?
False
Is 128813 a prime number?
True
Is 467543 composite?
False
Is 4373 prime?
True
Is 429083 a prime number?
True
Is 2977 a prime number?
False
Is 82067 composite?
False
Is 156911 composite?
True
Is 377497 a prime number?
False
Is 45647 prime?
False
Is 9311 prime?
True
Is 18947 prime?
True
Is 5833 a prime number?
False
Is 149239 composite?
False
Is 16877 a composite number?
True
Is 52106 prime?
False
Is 82391 composite?
True
Is 45062 prime?
False
Is 154195 composite?
True
Is 3067 composite?
False
Is 55789 prime?
False
Is 12071 composite?
False
Is 776317 a composite number?
False
Is 20011 prime?
True
Is 319745 prime?
False
Is 37493 prime?
True
Is 38951 prime?
False
Is 907 a composite number?
False
Is 1889 a prime number?
True
Is 1493311 a prime number?
True
Is 57637 a prime number?
True
Is 921 a prime number?
False
Is 48383 a composite number?
False
Is 1523 a prime number?
True
Is 12839 a prime number?
False
Is 28286 a composite number?
True
Is 51551 prime?
True
Is 358181 prime?
True
Is 17245 a composite number?
True
Is 15802 a composite number?
True
Is 498643 composite?
False
Is 31879 composite?
True
Is 7627 composite?
True
Is 82163 a prime number?
True
Is 1420413 a prime number?
False
Is 1195 a prime number?
False
Is 7801 a prime number?
False
Is 38149 a prime number?
True
Is 252709 a composite number?
False
Is 11623 prime?
False
Is 4481 a prime number?
True
Is 5435 prime?
False
Is 73391 prime?
False
Is 4391 prime?
True
Is 33659 prime?
False
Is 25559 composite?
True
Is 22433 composite?
False
Is 20323 composite?
False
Is 233641 composite?
False
Is 4267 a prime number?
False
Is 59273 a composite number?
False
Is 682603 prime?
False
Is 10294 a prime number?
False
Is 14902 prime?
False
Is 10903 composite?
False
Is 39361 a prime number?
False
Is 29473 a prime number?
True
Is 52397 prime?
False
Is 344677 a prime number?
False
Is 1283 a composite number?
False
Is 1961 prime?
False
Is 4397 composite?
False
Is 191989 composite?
True
Is 31957 composite?
False
Is 1301155 prime?
False
Is 8383 a composite number?
True
Is 206879 a composite number?
False
Is 178403 a prime number?
True
Is 1019 prime?
True
Is 52621 a composite number?
True
Is 35589 a prime number?
False
Is 7817 composite?
False
Is 4007 a prime number?
True
Is 4861 composite?
False
Is 57527 prime?
True
Is 208139 composite?
False
Is 290881 composite?
True
Is 1820171 prime?
True
Is 9299 a prime number?
False
Is 31403 a composite number?
True
Is 375017 a prime number?
True
Is 3491 prime?
True
Is 17677 prime?
False
Is 695621 a composite number?
False
Is 348703 a prime number?
False
Is 33283 composite?
True
Is 785491 a prime number?
False
Is 232031 a composite number?
True
Is 342647 composite?
False
Is 855601 composite?
False
Is 334247 composite?
False
Is 26669 a prime number?
True
Is 5721 a composite number?
True
Is 138049 prime?
False
Is 228049 a composite number?
False
Is 515131 composite?
True
Is 3494 a composite number?
True
Is 35729 composite?
False
Is 84543 prime?
False
Is 21377 composite?
False
Is 2749 a composite number?
False
Is 59941 composite?
True
Is 2437 composite?
False
Is 9023 a prime number?
False
Is 14503 a prime number?
True
Is 6731 prime?
False
Is 3683 composite?
True
Is 13033 composite?
False
Is 4265 prime?
False
Is 35345 prime?
False
Is 187735 composite?
True
Is 3109 prime?
True
Is 499573 prime?
False
Is 166909 a prime number?
True
Is 72139 a prime number?
True
Is 431393 a composite number?
True
Is 452761 composite?
True
Is 459785 composite?
True
Is 1507 a composite number?
True
Is 38159 composite?
True
Is 649 a composite number?
True
Is 28429 a prime number?
True
Is 2710771 prime?
False
Is 6971 a prime number?
True
Is 13001 a composite number?
False
Is 115487 prime?
False
Is 197741 composite?
False
Is 17657 a composite number?
False
Is 640421 a prime number?
True
Is 351115 a prime number?
False
Is 631 composite?
False
Is 149143 prime?
True
Is 1758689 prime?
True
Is 31927 a composite number?
True
Is 863 prime?
True
Is 394507 prime?
True
Is 133483 a composite number?
True
Is 63914 a prime number?
False
Is 1745605 a composite number?
True
Is 15121 a composite number?
False
Is 266977 a prime number?
True
Is 701 prime?
True
Is 76393 a prime number?
False
Is 143873 prime?
True
Is 3317417 a prime number?
True
Is 27449 a composite number?
False
Is 3593 a composite number?
False
Is 209621 a prime number?
True
Is 25733 a composite number?
False
Is 24631 composite?
False
Is 40277 a composite number?
False
Is 6029 a composite number?
False
Is 230381 prime?
False
Is 5609 prime?
False
Is 6406 composite?
True
Is 31055 prime?
False
Is 24317 prime?
True
Is 23887 a composite number?
False
Is 89189 composite?
False
Is 58633 prime?
False
Is 350963 composite?
False
Is 4441 a prime number?
True
Is 75913 a prime number?
True
Is 2921 a composite number?
True
Is 3407 composite?
False
Is 8258 composite?
True
Is 16057 composite?
False
Is 5381 a prime number?
True
Is 92531 a prime number?
False
Is 1651 composite?
True
Is 492679 composite?
True
Is 19015 a composite number?
True
Is 147107 prime?
True
Is 13997 composite?
False
Is 161471 composite?
False
Is 195341 prime?
True
Is 381 a prime number?
False
Is 559397 composite?
False
Is 3184085 prime?
False
Is 6559 a composite number?
True
Is 488603 prime?
True
Is 210493 a composite number?
True
Is 11843 a composite number?
True
Is 151399 a composite number?
True
Is 44617 a composite number?
False
Is 17517 composite?
True
Is 3511 prime?
True
Is 136649 composite?
False
Is 371897 composite?
False
Is 31351 prime?
False
Is 5489 composite?
True
Is 2307 a composite number?
True
Is 4987 a prime number?
True
Is 171179 prime?
True
Is 138559 prime?
True
Is 548103 a composite number?
True
Is 29797 a composite number?
True
Is 12601 composite?
False
Is 902217 a composite number?
True
Is 45647 a prime number?
False
Is 6523 composite?
True
Is 15527 a prime number?